*t + 1 = 0, -15 = 5*t. Give b(u).
-7
Suppose 21*q = 15*q + 30. Suppose -5*c = 5*i + q, 0 = -c + 6*i - i + 5. Let a(v) = v + 8. Determine a(c).
8
Let o(f) = 2*f + 3. Let s = 908 - 903. Calculate o(s).
13
Let v(g) = -5*g - 51. Suppose 261 = -59*w - 270. Determine v(w).
-6
Let j(b) be the third derivative of 0*b + 1/120*b**6 + 0 + 47*b**2 - 7/24*b**4 + b**3 - 1/15*b**5. Determine j(5).
-4
Let y be (-1 - -11)/(-1) + 1. Let o(z) be the third derivative of -z**5/60 - z**4/4 + 3*z**3/2 + 348*z**2. Give o(y).
-18
Suppose -9*h + 212 = 257. Let v(r) be the second derivative of -r**4/12 - r**3/3 + 3*r**2 + 2*r. Give v(h).
-9
Let w(r) = r**3 - r - 3. Suppose 63 = -4*m + 23. Let x be 0/(-1)*(m + 9). Determine w(x).
-3
Suppose -2*t + 0*p = p - 10, -8 = 2*p. Let o(k) = -k + 3. Let g(l) = 4*l - 8. Let c(m) = t*o(m) + 2*g(m). What is c(0)?
5
Let t(u) = -17*u**2 - 6*u + 2. Let z(n) = 48*n**2 + 18*n - 5. Let r(a) = -17*t(a) - 6*z(a). Let o(g) = g**3 + 8*g**2 + 5*g - 7. Let x be o(-7). Determine r(x).
3
Suppose -12*j = -15*j - 2*c - 1, 0 = -5*j - 4*c - 3. Let i(h) = 4*h**3 - h**2 - h + 1. What is i(j)?
3
Let f(l) = 3*l**3 - 17*l**2 - 13*l + 43. Let x be f(6). Let b(d) = 5*d**3 + d**2 + d. Determine b(x).
7
Let k(o) = 5*o**3 + o**2 - o - 1. Let l be k(1). Let j(h) = -6*h + 1. Let t(c) = 17*c - 4. Let s(i) = 11*j(i) + 4*t(i). Calculate s(l).
3
Let v(k) = -k**3 - 11*k**2 + 10*k - 29. Let s(z) = 19*z - 905. Let l be s(47). Determine v(l).
-5
Let d = 1805 + -1803. Let a(n) be the third derivative of -n**4/8 + n**3/6 - n**2. Determine a(d).
-5
Let w(g) = -3*g**2 - 5*g - 2*g + 2 + 4*g. Let k(h) = 7*h**2 + 6*h - 4. Let a(z) = 4*k(z) + 9*w(z). Let b be (0 - (-4 + 10))*(-1)/2. Give a(b).
2
Let k(d) = -d**2 - 6311*d + 6 + 3156*d + 3154*d + 0*d**2. Determine k(-5).
-14
Let x(q) = -q**3 - 4*q**2 + 5*q + 7. Let a(l) = l**2 - 6*l + 7. Let w be a(5). Let c = -2 - w. Let y be (-5)/4*c/(-1). What is x(y)?
7
Let w(l) be the second derivative of 7/6*l**3 + 1/20*l**5 - 5/2*l**2 - 3/4*l**4 + l + 0. Calculate w(8).
-13
Let g(z) = -2*z**3 - 2*z**2 - 2*z - 1. Let c(m) = -m**3 + m - 75*m**2 - 10 + 25 + 58*m**2. Let w be c(-17). Calculate g(w).
11
Let x(f) = -7*f**2 + 3*f**3 - 5*f**3 + 7 - 6*f**3 + 7*f**3. Determine x(-7).
7
Suppose 0 = 14*v + 31 - 3. Let k(i) = -2*i**2 - i + 4. Give k(v).
-2
Let y(b) = -2*b - b**3 - 6*b**2 + 0*b**2 + b**2 + 9*b + 8. Calculate y(-6).
2
Let t(y) = 2*y**2 - 6. Let f be t(-2). Let a(s) = 2 + 3*s**f - 4*s**2 + 0. Calculate a(2).
-2
Let i(k) = k**3 - k**2 + k + 10. Let a be i(0). Suppose -a*z = -52 - 8. Let m(u) = -u**3 + 5*u**2 + 9*u - 6. Determine m(z).
12
Let g(x) = x + 1. Let i(y) = -2*y**2 + 14*y - 7. Let n be i(6). Suppose -4*z - 20 = 0, j - 17 = n*z + 12. Give g(j).
5
Let y(d) = -d + 1. Let a(t) = 14*t - 8. Let x(p) = a(p) + 10*y(p). Let r(l) = l + 1. Let o(j) = -5*r(j) + x(j). Determine o(0).
-3
Let u(d) be the first derivative of d**3/3 - d**2 - 4*d + 158. Suppose 4*h = 5*i - 15, 5*h - 5 - 10 = -5*i. Suppose -p - 3 = -h*p. What is u(p)?
11
Let f = 46 - 42. Suppose 2*p - 6 - f = 0. Let c(b) = 3*b - 5. Calculate c(p).
10
Let b(l) be the first derivative of 2*l**2 - 296. Give b(-2).
-8
Let d(n) = n - 5. Let u be 0/(3*3/(-9)). Let a = -4 + u. Determine d(a).
-9
Let v(s) = -s**3 + 5*s**2 + s + 3. Let w = -27 - -38. Let p(f) = f**3 + 3*f**2 + f + 6. Let k be p(-3). Suppose 10 = 5*h, 15 = 4*c + k*h - w. Determine v(c).
8
Let s = -204 - -193. Let g(l) = -l**2 - 12*l - 10. What is g(s)?
1
Let i be 264/10 + (13/5 - 3). Let a be ((-222)/78 - 4/i) + -1. Let j(s) = -s**2 - 5*s - 2. Calculate j(a).
2
Let j(n) = -n - 1. Let k(t) = 5*t + 5. Let c(w) = -6*j(w) - k(w). Suppose -8*d + 75 = -21. Let i be 36/(-21) - d/42. Calculate c(i).
-1
Let d(a) = -10*a**3 - 30*a - 5 + 9*a**3 - 7*a**2 + 37*a. Suppose 3*u + 44 = 8*g - 3*g, -4*g + 24 = -u. Give d(u).
3
Let f be (-25)/3 - 48/180*-5. Let b(v) = -v**2 - 6*v - 3. Determine b(f).
-10
Let g(k) = -67 + 204 - k - 67 - 71. Calculate g(1).
-2
Let t(w) = -w + 2. Suppose -14*q + 30*q - 128 = 0. Give t(q).
-6
Suppose 5*g + 3*m + 4 = 102, -4*g - 5*m = -81. Suppose -10 = -3*k - g. Let v(u) = -u**3 - u**2 + 2*u - 2. Give v(k).
10
Let j(u) = -u**3 - 6*u**2 - 2*u + 1. Suppose 4*n - 15 = -n - 5*x, -27 = -5*n - 2*x. Suppose 0*r = -n*r - 35. Determine j(r).
-14
Let o(i) be the second derivative of -i**5/20 - 7*i**4/12 + i**3/3 - 2*i**2 - 4699*i + 2. Suppose -3*n - 9 = -3*p, -2*n + 2*p - 3*p = 18. Calculate o(n).
-18
Let h = -24 + 3. Let t be h/(-9) + 6/9. Let p(z) = -2*z + 8*z + z**t - 5 - 4*z**2 - 3*z**2. What is p(6)?
-5
Suppose -17 + 3 = -2*c. Let f(g) = 12*g - 3*g**2 + 6 + g**3 - 5*g**2 - 6*g. Calculate f(c).
-1
Let b be 12 - -1 - (-31 + 40). Let o(f) be the first derivative of 2/3*f**3 - 1/4*f**b - 10 - f**2 + f. What is o(1)?
0
Let s(i) be the first derivative of -i**4/4 + 2*i**3 + 7*i**2/2 + 6*i - 3103. Suppose 16 = 4*f - 4*l, 22 = 3*f + 2*l - 5. Determine s(f).
6
Let t(u) = 39*u - 24. Let c(s) = -9*s + 2. Let q(w) = -10*w + 2. Let f(y) = -7*c(y) + 6*q(y). Let r(z) = 27*f(z) - 2*t(z). Determine r(-7).
-27
Let i(n) = -n**2 - n + 6. Suppose 209 = 8*b + 185. What is i(b)?
-6
Let j(x) = 6*x - 16. Let t(g) = -3*g + 8. Let z(k) = 4*j(k) + 9*t(k). Let q(i) = -i + 3. Let r(h) = 17*q(h) - 6*z(h). What is r(7)?
10
Let v(q) = -1 + 5*q - 2*q - 2*q. Let l = 14 + -12. Let y be -1 - ((-8 - -10) + l*-1). Determine v(y).
-2
Let h(y) = y - 3. Let v(l) = -8*l - 134. Let j be v(-16). What is h(j)?
-9
Let w(f) = 3 + f**3 - 8*f - 4*f**2 + f + 4*f**2 + 7*f**2. Let g(s) = s**2 + 22*s + 1. Let l be g(-23). Suppose l = -3*p - 0. Give w(p).
-5
Let g(l) = -l. Suppose 28*i + 72 = 20*i. Give g(i).
9
Let f(u) = -9*u - 1. Let q be f(-1). Suppose m + 3*y + q = 0, 0 = 3*m + m - 2*y - 38. Let z(p) = p - 6*p + 4*p + 16 - 10. Determine z(m).
-1
Let q = -9/4 - -37/12. Let g(n) be the second derivative of 0 + 4*n - q*n**3 - 1/12*n**4 + 0*n**2. Calculate g(-5).
0
Let j(c) = 4*c + 7. Let s(r) = -r**3 - 10*r**2 - 13*r + 29. Let m be s(-8). What is j(m)?
27
Let n(o) be the third derivative of -o**6/60 - o**5/15 - o**4/8 - 54*o**2. Give n(-2).
6
Let h = -194 - -190. Let w(c) = 1 + 0*c + c - 2. Give w(h).
-5
Let r be (-81)/(-4) + (-2)/8. Suppose x - r = -25. Let d(b) = 3*b - 4 - 2*b + 7 + 1. Calculate d(x).
-1
Let n be (1 - 2)/((-3)/60). Suppose 28*v + 32 = n*v. Let w(o) = -o**3 - 3*o**2 + 4*o - 5. Give w(v).
-5
Let t(d) = -4 - 702*d + 708*d + 8 + 14. Give t(-4).
-6
Let u(y) be the second derivative of -y**5/20 + y**4/12 - y**3/6 - y**2 - 10*y. Let d(g) = -2*g**2 + 40*g. Let b be d(20). Give u(b).
-2
Let z(x) = -2*x**3 + 6*x + 1. Let a = -4 + -15. Let p = a + 13. Let d(n) = -n. Let j(y) = p*d(y) - z(y). What is j(1)?
1
Suppose -5*k + 24 = -4*n, 0 = n - k + 4 + 2. Let x(v) be the second derivative of -v**3 + 3*v + 0 - 1/12*v**4 + 4*v**2. Determine x(n).
8
Let a(s) be the first derivative of -s**4/4 - 4*s**3/3 + 5*s**2/2 + 5*s + 8. Determine a(-5).
5
Let t be 1*(-4 - -2)*-1. Let s(f) = -5*f - 4*f - 1 + 10*f. Calculate s(t).
1
Let o(n) = 6 + 1 + 1 + 3 - 5 - 6*n**2 - n. Calculate o(0).
6
Let i(k) = 40*k**2 - 21*k**2 + 19 - 21*k**2 - k**3. What is i(0)?
19
Let l be (-8)/16*(-3 - 1)/1. Let a(y) = -2*y**3 - 3*y**2 - 1. Let k(o) = -2*o**3 - 4*o**2 + o - 1. Let m(d) = l*k(d) - 3*a(d). Determine m(-1).
-2
Suppose 5*s - 19 + 49 = 0. Let j(k) = k**3 + 5*k**2 - 7*k + 1. Give j(s).
7
Let x be 21/11 - (-6)/66. Let m(c) = 15*c + 2. Calculate m(x).
32
Let q = 492 - 502. Let s(o) = -o**3 - 11*o**2 - 8*o + 23. What is s(q)?
3
Let p = 84 - 81. Suppose p*a + 12 = h, 2*a - 21 = 5*a - 4*h. Let s(o) = -o - 3. What is s(a)?
0
Let u be (-1 - -2)*(-5 - 32/(-4)). Let i(h) be the second derivative of 0 + u*h - 3/2*h**2 - 1/2*h**3. Give i(-2).
3
Let m(c) be the second derivative of c**6/360 + 3*c**5/40 + c**4/12 + 5*c**2/2 - 5*c. Let w(z) be the third derivative of m(z). Give w(-8).
-7
Let v(a) = -a**2 + 9*a - 2. Let b be v(7). Let p = 16 + -12. Suppose 20 = p*y + 2*r, b = y + 2*r + 2*r. Let j(g) = -g**2 + 4*g - 6. Give j(y).
-6
Let z be (-1)/3*(0 + 3). Suppose 3*l - 6*l + 9 = 0. Let v(d) = -2*d**2 + 3*d - 4. Let r(k) = k**2 - 4*k + 5. Let y(p) = l*r(p) + 4*v(p). Determine y(z).
-6
Suppose 0 = 2*n + 2*q - 28, 3*n + 4*q + 2 = 48. Let i(u) = -u**2 - u - 6. Let b be i(0). Let c = b + n. Let o(a) = a**3 - 4